{"id":256,"date":"2025-08-31T15:25:27","date_gmt":"2025-08-31T13:25:27","guid":{"rendered":"https:\/\/agnieszkaptakfizjoterapia.pl\/?page_id=256"},"modified":"2025-08-31T15:25:27","modified_gmt":"2025-08-31T13:25:27","slug":"regulamin-swiadczenia-uslug","status":"publish","type":"page","link":"https:\/\/agnieszkaptakfizjoterapia.pl\/?page_id=256","title":{"rendered":"Regulamin \u015bwiadczenia us\u0142ug"},"content":{"rendered":"\n<p><strong>REGULAMIN \u015aWIADCZENIA US\u0141UG<\/strong><\/p>\n\n\n\n<p><strong>US\u0141UGI TERAPEUTYCZNO-SZKOLENIOWE AGNIESZKA PTAK<\/strong><\/p>\n\n\n\n<p><strong>ul. Wile\u0144ska 25\/4, 52-113 Wroc\u0142aw, NIP 8992330212, REGON 022066281<\/strong><\/p>\n\n\n\n<p><\/p>\n\n\n\n<p><strong>Preambu\u0142a<\/strong><\/p>\n\n\n\n<p>&nbsp;&nbsp;&nbsp;&nbsp;&nbsp;&nbsp;&nbsp;&nbsp;&nbsp;&nbsp;&nbsp; Niniejszy Regulamin okre\u015bla zasady \u015bwiadczenia us\u0142ug fizjoterapeutycznych przez dr n. o kul. fiz. Agnieszk\u0119 Ptak, prowadz\u0105c\u0105 dzia\u0142alno\u015b\u0107 pod firm\u0105 US\u0141UGI TERAPEUTYCZNO-SZKOLENIOWE AGNIESZKA PTAK, z siedzib\u0105 przy ul. Wile\u0144skiej 25\/4, 52-113 Wroc\u0142aw, NIP 8992330212, REGON 022066281 (dalej \u201eGabinet\u201d lub \u201eFizjoterapeuta\u201d).<\/p>\n\n\n\n<p>&nbsp;&nbsp;&nbsp;&nbsp;&nbsp;&nbsp;&nbsp;&nbsp;&nbsp;&nbsp;&nbsp; Regulamin zosta\u0142 opracowany w celu zapewnienia najwy\u017cszej jako\u015bci \u015bwiadczonych us\u0142ug oraz w trosce o bezpiecze\u0144stwo i komfort pacjent\u00f3w.<\/p>\n\n\n\n<p>&nbsp;&nbsp;&nbsp;&nbsp;&nbsp;&nbsp;&nbsp;&nbsp;&nbsp;&nbsp;&nbsp; \u015awiadczenie us\u0142ug odbywa si\u0119 zgodnie z obowi\u0105zuj\u0105cymi przepisami prawa, w szczeg\u00f3lno\u015bci ustaw\u0105 z dnia 25 wrze\u015bnia 2015 r. o zawodzie fizjoterapeuty (Dz. U. z 2015 r. poz. 1994 z p\u00f3\u017an. zm.), a&nbsp;tak\u017ce innymi aktami prawnymi reguluj\u0105cymi kwestie ochrony zdrowia i praw pacjenta.<\/p>\n\n\n\n<p>&nbsp;&nbsp;&nbsp;&nbsp;&nbsp;&nbsp;&nbsp;&nbsp;&nbsp;&nbsp;&nbsp; Celem niniejszego Regulaminu jest:<\/p>\n\n\n\n<p>1)&nbsp;&nbsp;&nbsp;&nbsp;&nbsp;&nbsp;&nbsp; Ustalenie zasad wsp\u00f3\u0142pracy mi\u0119dzy Fizjoterapeut\u0105 a pacjentami, w tym warunk\u00f3w korzystania z&nbsp;us\u0142ug,<\/p>\n\n\n\n<p>2)&nbsp;&nbsp;&nbsp;&nbsp;&nbsp;&nbsp;&nbsp; Zapewnienie przejrzysto\u015bci w zakresie procedur, praw i obowi\u0105zk\u00f3w stron,<\/p>\n\n\n\n<p>3)&nbsp;&nbsp;&nbsp;&nbsp;&nbsp;&nbsp;&nbsp; Ochrona praw pacjent\u00f3w, w tym poszanowanie ich prywatno\u015bci i godno\u015bci osobistej,<\/p>\n\n\n\n<p>4)&nbsp;&nbsp;&nbsp;&nbsp;&nbsp;&nbsp;&nbsp; Promowanie najwy\u017cszych standard\u00f3w etycznych i zawodowych w \u015bwiadczeniu us\u0142ug fizjoterapeutycznych.<\/p>\n\n\n\n<p>&nbsp;&nbsp;&nbsp;&nbsp;&nbsp;&nbsp;&nbsp;&nbsp;&nbsp;&nbsp;&nbsp; Regulamin stanowi integraln\u0105 cz\u0119\u015b\u0107 umowy zawieranej pomi\u0119dzy Fizjoterapeut\u0105 a pacjentem w&nbsp;momencie rozpocz\u0119cia korzystania z us\u0142ug. Korzystaj\u0105c z us\u0142ug, pacjent wyra\u017ca zgod\u0119 na przestrzeganie postanowie\u0144 Regulaminu i zasady \u015bwiadczenia us\u0142ug.<\/p>\n\n\n\n<p>&nbsp;&nbsp;&nbsp;&nbsp;&nbsp;&nbsp;&nbsp;&nbsp;&nbsp;&nbsp;&nbsp; Wszelkie uwagi, pytania lub w\u0105tpliwo\u015bci dotycz\u0105ce Regulaminu mo\u017cna zg\u0142asza\u0107 Fizjoterapeucie lub upowa\u017cnionemu personelowi.<\/p>\n\n\n\n<p><strong>\u00a7 1<\/strong><\/p>\n\n\n\n<p><strong>Postanowienia og\u00f3lne<\/strong><\/p>\n\n\n\n<p>1.&nbsp;&nbsp;&nbsp;&nbsp;&nbsp;&nbsp;&nbsp; Us\u0142ugi fizjoterapeutyczne \u015bwiadczone s\u0105 przez dr n. o kul. fiz. Agnieszk\u0119 Ptak, prowadz\u0105c\u0105 dzia\u0142alno\u015b\u0107 pod firm\u0105 US\u0141UGI TERAPEUTYCZNO-SZKOLENIOWE AGNIESZKA PTAK, ul. Wile\u0144ska 25\/4, 52-113 Wroc\u0142aw, NIP 8992330212, REGON 022066281, wpisan\u0105 do rejestru podmiot\u00f3w wykonuj\u0105cych dzia\u0142alno\u015b\u0107 lecznicz\u0105, prowadzonego przez Krajow\u0105 Rad\u0119 Fizjoterapeut\u00f3w, pod nr 000000214542 \u2013 F-01, posiadaj\u0105ca prawo wykonywania zawodu fizjoterapeuty (PWZFz) numer: 38756, b\u0119d\u0105c\u0105 wyk\u0142adowc\u0105 akademickim Akademii Wychowania Fizycznego im. Olimpijczyk\u00f3w Polskich we Wroc\u0142awiu, szkoleniowcem, autork\u0105 publikacji naukowych i popularnonaukowych oraz Cz\u0142onkiem Zarz\u0105du Fundacji Specjali\u015bci Dzieciom i Mi\u0119dzynarodowego Stowarzyszenia TAPAS.<\/p>\n\n\n\n<p>2.&nbsp;&nbsp;&nbsp;&nbsp;&nbsp;&nbsp;&nbsp; Us\u0142ugi s\u0105 \u015bwiadczone w gabinecie przy ul. Rydygiera 5, 50-248 Wroc\u0142aw, &nbsp;w wyj\u0105tkowych sytuacjach w innej lokalizacji uzgodnionej z pacjentem lub podmiotem zlecaj\u0105cym \u015bwiadczenie us\u0142ug.<\/p>\n\n\n\n<p><strong>\u00a7 2<\/strong><\/p>\n\n\n\n<p><strong>Zakres i cel udzielanych \u015bwiadcze\u0144<\/strong><\/p>\n\n\n\n<p>3.&nbsp;&nbsp;&nbsp;&nbsp;&nbsp;&nbsp;&nbsp; Fizjoterapeuta \u015bwiadczy profesjonalne us\u0142ugi z zakresu fizjoterapii, w tym:<\/p>\n\n\n\n<p>a)&nbsp;&nbsp;&nbsp;&nbsp;&nbsp;&nbsp;&nbsp;&nbsp;&nbsp; Konsultacje diagnostyczne, w tym diagnostyka neurorozwojowy wg Vojty i diagnostyka metod\u0105 Prechtla,<\/p>\n\n\n\n<p>&nbsp;&nbsp;&nbsp;&nbsp;&nbsp;&nbsp;&nbsp;&nbsp;&nbsp;&nbsp; b)&nbsp;&nbsp;&nbsp;&nbsp;&nbsp;&nbsp;&nbsp;&nbsp; Terapia metod\u0105 Vojty,&nbsp;<\/p>\n\n\n\n<p>&nbsp;&nbsp;&nbsp;&nbsp;&nbsp;&nbsp;&nbsp;&nbsp;&nbsp;&nbsp; c)&nbsp;&nbsp;&nbsp;&nbsp;&nbsp;&nbsp;&nbsp;&nbsp; Terapia zaj\u0119ciowa,<\/p>\n\n\n\n<p>&nbsp;&nbsp;&nbsp;&nbsp;&nbsp;&nbsp;&nbsp;&nbsp;&nbsp;&nbsp; c)&nbsp;&nbsp;&nbsp;&nbsp;&nbsp;&nbsp;&nbsp;&nbsp; \u0106wiczenia og\u00f3lnorozwojowe indywidualne i grupowe,<\/p>\n\n\n\n<p>&nbsp;&nbsp;&nbsp;&nbsp;&nbsp;&nbsp;&nbsp;&nbsp;&nbsp;&nbsp; d)&nbsp;&nbsp;&nbsp;&nbsp;&nbsp;&nbsp;&nbsp;&nbsp; Edukacja i porady dotycz\u0105ce zdrowia fizycznego,<\/p>\n\n\n\n<p>&nbsp;&nbsp;&nbsp;&nbsp;&nbsp;&nbsp;&nbsp;&nbsp;&nbsp;&nbsp; e)&nbsp;&nbsp;&nbsp;&nbsp;&nbsp;&nbsp;&nbsp;&nbsp; Fizjoterapia w opiece laktacyjnej.<\/p>\n\n\n\n<p>4.&nbsp;&nbsp;&nbsp;&nbsp;&nbsp;&nbsp;&nbsp; Us\u0142ugi fizjoterapeutyczne maj\u0105 przede wszystkim na celu:<\/p>\n\n\n\n<p>&nbsp;&nbsp;&nbsp;&nbsp;&nbsp;&nbsp;&nbsp;&nbsp;&nbsp;&nbsp; a)&nbsp;&nbsp;&nbsp;&nbsp;&nbsp;&nbsp;&nbsp;&nbsp; Popraw\u0119 sprawno\u015bci fizycznej i jako\u015bci \u017cycia pacjent\u00f3w,<\/p>\n\n\n\n<p>&nbsp;&nbsp;&nbsp;&nbsp;&nbsp;&nbsp;&nbsp;&nbsp;&nbsp;&nbsp; b)&nbsp;&nbsp;&nbsp;&nbsp;&nbsp;&nbsp;&nbsp;&nbsp; Zapobieganie post\u0119powi chor\u00f3b i schorze\u0144 uk\u0142adu ruchu,<\/p>\n\n\n\n<p>&nbsp;&nbsp;&nbsp;&nbsp;&nbsp;&nbsp;&nbsp;&nbsp;&nbsp;&nbsp; c)&nbsp;&nbsp;&nbsp;&nbsp;&nbsp;&nbsp;&nbsp;&nbsp; Przywracanie zdolno\u015bci do samodzielnego funkcjonowania w codziennym \u017cyciu.<\/p>\n\n\n\n<p><strong>\u00a7 3<\/strong><\/p>\n\n\n\n<p><strong>P\u0142atno\u015bci<\/strong><\/p>\n\n\n\n<p>1.&nbsp;&nbsp;&nbsp;&nbsp;&nbsp;&nbsp;&nbsp; \u015awiadczenia udzielane s\u0105 odp\u0142atnie. Wysoko\u015b\u0107 op\u0142at za \u015bwiadczone us\u0142ugi okre\u015bla cennik, kt\u00f3ry jest dost\u0119pny w gabinecie i na stronie internetowej Gabinetu: www.agnieszkaptakfizjoterapia.pl.<\/p>\n\n\n\n<p>2.&nbsp;&nbsp;&nbsp;&nbsp;&nbsp;&nbsp;&nbsp; Gabinet nie wykonuje \u015bwiadcze\u0144 zdrowotnych finansowanych ze \u015brodk\u00f3w publicznych.<\/p>\n\n\n\n<p>3.&nbsp;&nbsp;&nbsp;&nbsp;&nbsp;&nbsp;&nbsp; Op\u0142aty za us\u0142ugi mo\u017cna uiszcza\u0107 w dniu wizyty got\u00f3wk\u0105, BLIK\u2019iem lub przelewem na rachunek bankowy.<\/p>\n\n\n\n<p>4.&nbsp;&nbsp;&nbsp;&nbsp;&nbsp;&nbsp;&nbsp; Gabinet wystawia faktur\u0119 na \u017cyczenie pacjenta. Je\u017celi faktura ma zosta\u0107 wystawiona dla przedsi\u0119biorcy, pacjent zobowi\u0105zany jest poda\u0107 prawid\u0142owy NIP przedsi\u0119biorcy.<\/p>\n\n\n\n<p><strong>\u00a7 4<\/strong><\/p>\n\n\n\n<p><strong>Koszty udost\u0119pniania dokumentacji medycznej<\/strong><\/p>\n\n\n\n<p>1.&nbsp;&nbsp;&nbsp;&nbsp;&nbsp;&nbsp;&nbsp; Dokumentacja medyczna prowadzona jest w wersji elektronicznej\/papierowej.<\/p>\n\n\n\n<p>2.&nbsp;&nbsp;&nbsp;&nbsp;&nbsp;&nbsp;&nbsp; Nie pobiera si\u0119 op\u0142at za udost\u0119pnienie dokumentacji medycznej w formie elektronicznej, przes\u0142anej na wskazany przez pacjenta adres e-mail.<\/p>\n\n\n\n<p>3.&nbsp;&nbsp;&nbsp;&nbsp;&nbsp;&nbsp;&nbsp; Za&nbsp; udost\u0119pnienie dokumentacji medycznej w formie wydruku lub kserokopii pobiera si\u0119 op\u0142at\u0119 w wysoko\u015bci 1 z\u0142 za ka\u017cd\u0105 stron\u0119.<\/p>\n\n\n\n<p><strong>\u00a7 5<\/strong><\/p>\n\n\n\n<p><strong>Umawianie i Odwo\u0142ywanie Wizyt<\/strong><\/p>\n\n\n\n<p>1.&nbsp;&nbsp;&nbsp;&nbsp;&nbsp;&nbsp; \u015awiadczenia realizowane s\u0105 w terminach ustalonych indywidualnie z pacjentem.<\/p>\n\n\n\n<p>2.&nbsp;&nbsp;&nbsp;&nbsp;&nbsp;&nbsp; Wizyt\u0119 mo\u017cna um\u00f3wi\u0107 telefonicznie pod numerem +48 609 861 473, przez SMS, drog\u0105 mail\u2019ow\u0105 pod adresem: <a href=\"mailto:kontakt@agnieszkaptakfizjoterapia.pl\">kontakt@agnieszkaptakfizjoterapia.pl<\/a> &nbsp;na stronie <a href=\"http:\/\/www.agnieszkaptakfizjoterapia.pl\">www.agnieszkaptakfizjoterapia.pl<\/a> lub w gabinecie podczas wizyty.<\/p>\n\n\n\n<p>3.&nbsp;&nbsp;&nbsp;&nbsp;&nbsp;&nbsp;&nbsp; W przypadku umawiania wizyt przez SMS lub drog\u0105 mail\u2019ow\u0105 pod adresem: <a href=\"mailto:kontakt@agnieszkaptakfizjoterapia.pl\">kontakt@agnieszkaptakfizjoterapia.pl<\/a> zapytanie powinno obejmowa\u0107 imi\u0119, nazwisko, wiek pacjenta (a w przypadku ma\u0142oletnich tak\u017ce imi\u0119 i nazwisko opiekuna ma\u0142oletniego), kr\u00f3tki opis problemu, celu wizyty oraz preferowany termin wizyty (najlepiej kilka termin\u00f3w), a tak\u017ce numer telefonu do kontaktu.<\/p>\n\n\n\n<p>4.&nbsp;&nbsp;&nbsp;&nbsp;&nbsp;&nbsp;&nbsp; Pacjent ma mo\u017cliwo\u015b\u0107 odwo\u0142ania wizyty w ka\u017cdym czasie bez dodatkowych op\u0142at. O odwo\u0142aniu wizyty pacjent powinien poinformowa\u0107 Gabinet przez SMS mo\u017cliwie jak najszybciej po powstaniu przyczyny powoduj\u0105cej konieczno\u015b\u0107 odwo\u0142ania wizyty. Odwo\u0142uj\u0105c wizyt\u0119 nale\u017cy wskaza\u0107 imi\u0119, nazwisko pacjenta (a w przypadku ma\u0142oletnich tak\u017ce imi\u0119 i nazwisko opiekuna ma\u0142oletniego) i ewentualnie preferowany inny termin wizyty (najlepiej kilka termin\u00f3w).<\/p>\n\n\n\n<p>5.&nbsp;&nbsp;&nbsp;&nbsp;&nbsp;&nbsp;&nbsp; Gabinet zastrzega sobie prawo odwo\u0142ania wizyty, o czym poinformuje pacjenta przez SMS mo\u017cliwie jak najszybciej po powstaniu przyczyny powoduj\u0105cej konieczno\u015b\u0107 odwo\u0142ania wizyty.<\/p>\n\n\n\n<p><strong>\u00a7 6<\/strong><\/p>\n\n\n\n<p><strong>Przebieg procesu udzielania \u015bwiadcze\u0144<\/strong><\/p>\n\n\n\n<p>1.&nbsp;&nbsp;&nbsp;&nbsp;&nbsp;&nbsp;&nbsp; W Gabinecie przyjmowany jest wy\u0142\u0105cznie pacjent, kt\u00f3ry um\u00f3wi\u0142 si\u0119 na wizyt\u0119 w danym terminie.<\/p>\n\n\n\n<p>2.&nbsp;&nbsp;&nbsp;&nbsp;&nbsp;&nbsp;&nbsp; Um\u00f3wiona godzina wizyty oznacza jej planowany pocz\u0105tek. Je\u015bli pacjent si\u0119 sp\u00f3\u017ani, czas trwania wizyty mo\u017ce zosta\u0107 odpowiednio skr\u00f3cony o czas op\u00f3\u017anienia, a niekt\u00f3re zabiegi mog\u0105 nie zosta\u0107 zrealizowane, aby zachowa\u0107 harmonogram kolejnych wizyt. Natomiast w przypadku op\u00f3\u017anienia spowodowanego przez Fizjoterapeut\u0119, wszystkie zaplanowane zabiegi zostan\u0105 przeprowadzone w pe\u0142nym zakresie.<\/p>\n\n\n\n<p>3.&nbsp;&nbsp;&nbsp;&nbsp;&nbsp;&nbsp;&nbsp; Wszelkie dzia\u0142ania wobec ma\u0142oletniego podejmowane s\u0105 w obecno\u015bci jego opiekuna.<\/p>\n\n\n\n<p>4.&nbsp;&nbsp;&nbsp;&nbsp;&nbsp;&nbsp;&nbsp; Przebieg wizyty jest dokumentowany.<\/p>\n\n\n\n<p>5.&nbsp;&nbsp;&nbsp;&nbsp;&nbsp;&nbsp;&nbsp; Podczas pierwszej wizyty Gabinet zwr\u00f3ci si\u0119 do pacjenta o przekazanie niezb\u0119dnych danych w celu za\u0142o\u017cenia karty pacjenta (dokumentacji medycznej), a tak\u017ce o udzielenie wymaganych zg\u00f3d i z\u0142o\u017cenie odpowiednich o\u015bwiadcze\u0144. pacjent, wzgl\u0119dnie opiekun ma\u0142oletniego pacjenta, zobowi\u0105zany jest przedstawi\u0107 dow\u00f3d osobisty, a w przypadku os\u00f3b nieposiadaj\u0105cych dowodu osobistego \u2013 paszport.<\/p>\n\n\n\n<p>6.&nbsp;&nbsp;&nbsp;&nbsp;&nbsp;&nbsp;&nbsp; Na podstawie skierowania od lekarza, specjalisty lub po przeprowadzeniu szczeg\u00f3\u0142owego wywiadu i badania funkcjonalnego, Fizjoterapeuta przedstawia propozycj\u0119 odpowiedniego rodzaju terapii, jej prognozowany czas trwania oraz przewidywane efekty. Fizjoterapeuta mo\u017ce wymaga\u0107 od pacjenta dalszych bada\u0144, jak r\u00f3wnie\u017c konsultacji z innymi specjalistami.<\/p>\n\n\n\n<p>7.&nbsp;&nbsp;&nbsp;&nbsp;&nbsp;&nbsp;&nbsp; Fizjoterapeuta ma prawo odm\u00f3wi\u0107 wykonania \u015bwiadczenia zdrowotnego w sytuacjach obiektywnie uzasadnionych, w tym w przypadku przeciwwskaza\u0144 do terapii, z\u0142ego samopoczucia pacjenta w trakcie zabiegu, stanu nietrze\u017awo\u015bci, pozostawania pod wp\u0142ywem \u015brodk\u00f3w odurzaj\u0105cych, czy te\u017c niekulturalnego zachowania. Podstaw\u0105 takiej odmowy mog\u0105 by\u0107 r\u00f3wnie\u017c: brak zgody pacjenta na wykonanie \u015bwiadczenia, w\u0105tpliwo\u015bci dotycz\u0105ce dobrowolno\u015bci wyra\u017conej zgody lub zdolno\u015bci pacjenta do jej \u015bwiadomego udzielenia.<\/p>\n\n\n\n<p>8.&nbsp;&nbsp;&nbsp;&nbsp;&nbsp;&nbsp;&nbsp; Pacjent powinien ubra\u0107 odzie\u017c niekrepuj\u0105c\u0105 ruch\u00f3w, bez twardych element\u00f3w. W przypadkach uzasadnionych charakterem zabiegu lub ograniczeniami wywo\u0142anymi rodzajem ubioru pacjenta konieczne mo\u017ce by\u0107 rozebranie si\u0119 do bielizny.<\/p>\n\n\n\n<p>9.&nbsp;&nbsp;&nbsp;&nbsp;&nbsp;&nbsp;&nbsp; W trakcie trwania terapii Fizjoterapeuta regularnie ocenia post\u0119py, a w razie potrzeby modyfikuje plan leczenia. Pacjent ma mo\u017cliwo\u015b\u0107 zg\u0142aszania uwag i pyta\u0144, aby terapia by\u0142a jak najbardziej efektywna.<\/p>\n\n\n\n<p>10.&nbsp;&nbsp;&nbsp;&nbsp;&nbsp; Po zako\u0144czeniu wizyty pacjent otrzymuje wskaz\u00f3wki dotycz\u0105ce \u0107wicze\u0144, zasad post\u0119powania w&nbsp;domu oraz ewentualnych przygotowa\u0144 do kolejnych zabieg\u00f3w.<\/p>\n\n\n\n<p>11.&nbsp;&nbsp;&nbsp;&nbsp;&nbsp;&nbsp; Po osi\u0105gni\u0119ciu zamierzonych efekt\u00f3w Fizjoterapeuta dokonuje ko\u0144cowej oceny stanu zdrowia pacjenta oraz przekazuje zalecenia dotycz\u0105ce dalszego post\u0119powania lub profilaktyki.<\/p>\n\n\n\n<p><strong>\u00a7 7<\/strong><\/p>\n\n\n\n<p><strong>Prawa i Obowi\u0105zki pacjent\u00f3w<\/strong><\/p>\n\n\n\n<p>1.&nbsp;&nbsp;&nbsp;&nbsp;&nbsp;&nbsp;&nbsp; Podczas korzystania z us\u0142ug Gabinetu, pacjent ma w szczeg\u00f3lno\u015bci prawo do:<\/p>\n\n\n\n<p>a)&nbsp;&nbsp;&nbsp;&nbsp;&nbsp;&nbsp;&nbsp; \u015bwiadcze\u0144 realizowanych przez osob\u0119 posiadaj\u0105c\u0105 odpowiednie kwalifikacje i&nbsp;do\u015bwiadczenie zawodowe,<\/p>\n\n\n\n<p>b) &nbsp;&nbsp;&nbsp;&nbsp;&nbsp;&nbsp; otrzymania szczeg\u00f3\u0142owych i zrozumia\u0142ych informacji na temat swojego stanu zdrowia, proponowanych form terapii oraz mo\u017cliwych konsekwencji ich zastosowania lub zaniechania,<\/p>\n\n\n\n<p>c) &nbsp;&nbsp;&nbsp;&nbsp;&nbsp;&nbsp; wyra\u017cenia zgody lub odmowy przeprowadzenia zabiegu po wcze\u015bniejszym uzyskaniu kompletnych wyja\u015bnie\u0144,<\/p>\n\n\n\n<p>d) &nbsp;&nbsp;&nbsp;&nbsp;&nbsp;&nbsp; \u017cyczliwego i szanuj\u0105cego jego godno\u015b\u0107 podej\u015bcia ze strony personelu,<\/p>\n\n\n\n<p>e) &nbsp;&nbsp;&nbsp;&nbsp;&nbsp;&nbsp; zachowania pe\u0142nej poufno\u015bci dotycz\u0105cej wszelkich danych osobowych i informacji zwi\u0105zanych z procesem leczenia,<\/p>\n\n\n\n<p>f) &nbsp;&nbsp;&nbsp;&nbsp;&nbsp;&nbsp;&nbsp; wsparcia i wskaz\u00f3wek dotycz\u0105cych w\u0142a\u015bciwego przygotowania si\u0119 do zabiegu oraz zalece\u0144 dotycz\u0105cych post\u0119powania po jego zako\u0144czeniu,<\/p>\n\n\n\n<p>g) &nbsp;&nbsp;&nbsp;&nbsp;&nbsp;&nbsp; zadawania pyta\u0144, zg\u0142aszania sugestii oraz formu\u0142owania oczekiwa\u0144 wobec oferowanych us\u0142ug, aby terapia by\u0142a maksymalnie dostosowana do jego potrzeb,<\/p>\n\n\n\n<p>h)&nbsp;&nbsp;&nbsp;&nbsp;&nbsp;&nbsp;&nbsp; komfortowych warunk\u00f3w w trakcie \u015bwiadczenia us\u0142ug, w tym odpowiedniego miejsca do terapii, zapewniaj\u0105cego intymno\u015b\u0107 i wygod\u0119.<\/p>\n\n\n\n<p>2.&nbsp;&nbsp;&nbsp;&nbsp;&nbsp;&nbsp;&nbsp;&nbsp; Podczas korzystania z us\u0142ug Gabinetu, pacjent ma w szczeg\u00f3lno\u015bci obowi\u0105zek:<\/p>\n\n\n\n<p>a) &nbsp;&nbsp;&nbsp;&nbsp;&nbsp;&nbsp;&nbsp; dostarczenia Fizjoterapeucie informacji o swoim stanie zdrowia, przebytych chorobach, aktualnych dolegliwo\u015bciach oraz przeciwwskazaniach do terapii, kt\u00f3re mog\u0105 mie\u0107 wp\u0142yw na przebieg leczenia, oraz dostarczenia posiadanej dokumentacji medycznej,<\/p>\n\n\n\n<p>b) &nbsp;&nbsp;&nbsp;&nbsp;&nbsp;&nbsp;&nbsp; poinformowania Fizjoterapeuty o wszelkich urazach, objawach b\u00f3lowych lub innych reakcjach, kt\u00f3re pojawi\u0142y si\u0119 w wyniku przeprowadzonej terapii, aby umo\u017cliwi\u0107 odpowiednie dostosowanie dalszego planu leczenia,<\/p>\n\n\n\n<p>c) &nbsp;&nbsp;&nbsp;&nbsp;&nbsp;&nbsp;&nbsp; przestrzegania zalece\u0144 terapeutycznych, w tym regularnego wykonywania \u0107wicze\u0144 i&nbsp;stosowania si\u0119 do wskaz\u00f3wek Fizjoterapeuty,<\/p>\n\n\n\n<p>d) &nbsp;&nbsp;&nbsp;&nbsp;&nbsp;&nbsp;&nbsp; utrzymania odpowiedniego poziomu higieny osobistej, aby zapewni\u0107 komfort i&nbsp;bezpiecze\u0144stwo podczas zabieg\u00f3w,<\/p>\n\n\n\n<p>e) &nbsp;&nbsp;&nbsp;&nbsp;&nbsp;&nbsp;&nbsp; terminowego informowania o konieczno\u015bci zmiany terminu wizyty lub jej odwo\u0142ania, zgodnie z zasadami ustalonymi przez Gabinet,<\/p>\n\n\n\n<p>f) &nbsp;&nbsp;&nbsp;&nbsp;&nbsp;&nbsp;&nbsp;&nbsp; aktywnego uczestniczenia w procesie leczenia, w tym wyra\u017cania pyta\u0144, w\u0105tpliwo\u015bci lub sugestii dotycz\u0105cych przebiegu terapii,<\/p>\n\n\n\n<p>g)&nbsp;&nbsp;&nbsp;&nbsp;&nbsp;&nbsp;&nbsp;&nbsp; bezzw\u0142ocznego zg\u0142oszenia Fizjoterapeucie ka\u017cdego odczucia dyskomfortu lub pogorszenia samopoczucia, pojawiaj\u0105cego si\u0119 w trakcie zabiegu,<\/p>\n\n\n\n<p>h) &nbsp;&nbsp;&nbsp;&nbsp;&nbsp;&nbsp;&nbsp; respektowania zasad obowi\u0105zuj\u0105cych w Gabinecie, w tym punktualnego przychodzenia na um\u00f3wione wizyty i przestrzegania Regulaminu,<\/p>\n\n\n\n<p>i)&nbsp;&nbsp;&nbsp;&nbsp;&nbsp;&nbsp;&nbsp;&nbsp;&nbsp; punktualnego przybycia na wizyt\u0119.<\/p>\n\n\n\n<p>3. &nbsp;&nbsp;&nbsp;&nbsp;&nbsp;&nbsp; Gabinet przestrzega wdro\u017conych przez siebie Standard\u00f3w Ochrony Ma\u0142oletnich.<\/p>\n\n\n\n<p>4.&nbsp;&nbsp;&nbsp;&nbsp;&nbsp;&nbsp;&nbsp; Standardy Ochrony Ma\u0142oletnich opublikowane s\u0105 w pe\u0142nej wersji na stronie internetowej <a href=\"http:\/\/www.agnieszkaptakfizjoterapia.pl\/\">www.agnieszkaptakfizjoterapia.pl<\/a>.<\/p>\n\n\n\n<p>5.&nbsp;&nbsp;&nbsp;&nbsp;&nbsp;&nbsp;&nbsp; Skr\u00f3cona wersja Standard\u00f3w Ochrony Ma\u0142oletnich wywieszona jest w og\u00f3lnodost\u0119pnym miejscu w gabinecie.<\/p>\n\n\n\n<p>6.&nbsp;&nbsp;&nbsp;&nbsp;&nbsp;&nbsp;&nbsp; Na pro\u015bb\u0119 pacjenta, ma\u0142oletniego pacjenta lub opiekuna ma\u0142oletniego pacjenta Gabinet udost\u0119pnia do wgl\u0105du kserokopi\u0119 Standard\u00f3w Ochrony Ma\u0142oletnich w pe\u0142nej wersji.<\/p>\n\n\n\n<p><strong>\u00a7 8<\/strong><\/p>\n\n\n\n<p><strong>Przetwarzanie i ochrona danych osobowych<\/strong><\/p>\n\n\n\n<p>1.&nbsp;&nbsp;&nbsp;&nbsp;&nbsp;&nbsp;&nbsp; Gabinet zbiera i przetwarza dane osobowe zgodnie z przepisami Rozporz\u0105dzenia Parlamentu Europejskiego i Rady (UE) 2016\/679 z 27 kwietnia 2016 r. w sprawie ochrony os\u00f3b fizycznych w zwi\u0105zku z przetwarzaniem danych osobowych oraz innymi obowi\u0105zuj\u0105cymi przepisami prawa.<\/p>\n\n\n\n<p>2.&nbsp;&nbsp;&nbsp;&nbsp;&nbsp;&nbsp;&nbsp;&nbsp; Administratorem danych osobowych jest Agnieszka Ptak, prowadz\u0105ca dzia\u0142alno\u015b\u0107 gospodarcz\u0105 pod nazw\u0105 US\u0141UGI TERAPEUTYCZNO-SZKOLENIOWE AGNIESZKA PTAK, ul. Wile\u0144ska 25\/4, 52-113 Wroc\u0142aw, NIP 8992330212, REGON 022066281.<\/p>\n\n\n\n<p>3.&nbsp;&nbsp;&nbsp;&nbsp;&nbsp;&nbsp;&nbsp;&nbsp; Kontakt z Administratorem danych jest mo\u017cliwy pod adresem e-mail: kontakt@agnieszkaptakfizjoterapia.pl, pod numerem telefonu +48 609 861 473, lub pisemnie na adres siedziby Administratora.<\/p>\n\n\n\n<p>4.&nbsp;&nbsp;&nbsp;&nbsp;&nbsp;&nbsp;&nbsp;&nbsp; Klauzula informacyjna RODO stanowi odr\u0119bny dokument. Zamieszczona jest w og\u00f3lnodost\u0119pnym miejscu w gabinecie oraz na stronie internetowej <a href=\"http:\/\/www.agnieszkaptakfizjoterapia.pl\/\">www.<\/a><a href=\"http:\/\/www.agnieszkaptakfizjoterapia.pl\/\">agnieszkaptakfizjoterapia.pl<\/a>. Dodatkowo pacjent otrzymuje klauzul\u0119 informacyjn\u0105 RODO&nbsp; przy pierwszej wizycie.<\/p>\n\n\n\n<p><br><strong>\u00a7 9<\/strong><\/p>\n\n\n\n<p><strong>Postanowienia ko\u0144cowe<\/strong><\/p>\n\n\n\n<p>1.&nbsp;&nbsp;&nbsp;&nbsp;&nbsp;&nbsp;&nbsp; Regulamin jest dost\u0119pny do wgl\u0105du w gabinecie oraz na stronie internetowej Gabinetu www.agnieszkaptakfizjoterapia.pl.<\/p>\n\n\n\n<p>2.&nbsp;&nbsp;&nbsp;&nbsp;&nbsp;&nbsp;&nbsp; Nieznajomo\u015b\u0107 postanowie\u0144 Regulaminu nie zwalnia z obowi\u0105zku przestrzegania go.<\/p>\n\n\n\n<p>3.&nbsp;&nbsp;&nbsp;&nbsp;&nbsp;&nbsp;&nbsp; W zakresie nieuregulowanym niniejszym Regulaminem zastosowanie maj\u0105 przepisy Kodeksu Cywilnego, ustawy z dnia 25 wrze\u015bnia 2015 r. o zawodzie fizjoterapeuty i inne przepisy prawa.<\/p>\n\n\n\n<p>4.&nbsp;&nbsp;&nbsp;&nbsp;&nbsp;&nbsp;&nbsp; Prawem w\u0142a\u015bciwym dla niniejszego Regulaminu jest prawo polskie.<\/p>\n\n\n\n<p>5.&nbsp;&nbsp;&nbsp;&nbsp;&nbsp;&nbsp;&nbsp; Je\u017celi kt\u00f3rekolwiek z postanowie\u0144 Regulaminu oka\u017ce si\u0119 niewa\u017cne lub bezskuteczne, nie b\u0119dzie to mia\u0142o \u017cadnego wp\u0142ywu na wa\u017cno\u015b\u0107 lub skuteczno\u015b\u0107 pozosta\u0142ych postanowie\u0144 Regulaminu.<\/p>\n\n\n\n<p>6.&nbsp;&nbsp;&nbsp;&nbsp;&nbsp;&nbsp;&nbsp; Ilekro\u0107 w Regulaminie jest mowa o pacjencie, nale\u017cy mie\u0107 na wzgl\u0119dzie, \u017ce w przypadku pacjent\u00f3w ma\u0142oletnich co do zasady dzia\u0142ania podejmowane s\u0105 przez opiekuna ma\u0142oletniego, z zastrze\u017ceniem odr\u0119bnych uregulowa\u0144 prawnych. Postanowienia Regulaminu dotycz\u0105ce pacjenta stosuje si\u0119 odpowiednio do pacjenta ma\u0142oletniego i opiekuna ma\u0142oletniego. Przez opiekuna ma\u0142oletniego rozumie si\u0119 osob\u0119 uprawnion\u0105 do reprezentowania ma\u0142oletniego, w szczeg\u00f3lno\u015bci jego rodzica lub opiekuna prawnego.<\/p>\n\n\n\n<p>7.&nbsp;&nbsp;&nbsp;&nbsp;&nbsp;&nbsp;&nbsp; Regulamin wchodzi w \u017cycie z dniem 31.08.2025 i obowi\u0105zuje do odwo\u0142ania lub wprowadzenia zmian, kt\u00f3re zostan\u0105 podane do wiadomo\u015bci pacjent\u00f3w z 14-dniowym wyprzedzeniem.<\/p>\n\n\n\n<p><\/p>\n","protected":false},"excerpt":{"rendered":"<p>REGULAMIN \u015aWIADCZENIA US\u0141UG US\u0141UGI TERAPEUTYCZNO-SZKOLENIOWE AGNIESZKA PTAK ul. Wile\u0144ska 25\/4, 52-113 Wroc\u0142aw, NIP 8992330212, REGON 022066281 Preambu\u0142a &nbsp;&nbsp;&nbsp;&nbsp;&nbsp;&nbsp;&nbsp;&nbsp;&nbsp;&nbsp;&nbsp; Niniejszy Regulamin okre\u015bla zasady \u015bwiadczenia us\u0142ug fizjoterapeutycznych przez dr n. o kul. fiz. Agnieszk\u0119 Ptak, prowadz\u0105c\u0105 dzia\u0142alno\u015b\u0107 pod firm\u0105 US\u0141UGI TERAPEUTYCZNO-SZKOLENIOWE AGNIESZKA PTAK, z siedzib\u0105 przy ul. Wile\u0144skiej 25\/4, 52-113 Wroc\u0142aw, NIP 8992330212, REGON 022066281 (dalej \u201eGabinet\u201d [&hellip;]<\/p>\n","protected":false},"author":1,"featured_media":0,"parent":0,"menu_order":0,"comment_status":"closed","ping_status":"closed","template":"","meta":{"footnotes":""},"class_list":["post-256","page","type-page","status-publish","hentry"],"_links":{"self":[{"href":"https:\/\/agnieszkaptakfizjoterapia.pl\/index.php?rest_route=\/wp\/v2\/pages\/256","targetHints":{"allow":["GET"]}}],"collection":[{"href":"https:\/\/agnieszkaptakfizjoterapia.pl\/index.php?rest_route=\/wp\/v2\/pages"}],"about":[{"href":"https:\/\/agnieszkaptakfizjoterapia.pl\/index.php?rest_route=\/wp\/v2\/types\/page"}],"author":[{"embeddable":true,"href":"https:\/\/agnieszkaptakfizjoterapia.pl\/index.php?rest_route=\/wp\/v2\/users\/1"}],"replies":[{"embeddable":true,"href":"https:\/\/agnieszkaptakfizjoterapia.pl\/index.php?rest_route=%2Fwp%2Fv2%2Fcomments&post=256"}],"version-history":[{"count":1,"href":"https:\/\/agnieszkaptakfizjoterapia.pl\/index.php?rest_route=\/wp\/v2\/pages\/256\/revisions"}],"predecessor-version":[{"id":257,"href":"https:\/\/agnieszkaptakfizjoterapia.pl\/index.php?rest_route=\/wp\/v2\/pages\/256\/revisions\/257"}],"wp:attachment":[{"href":"https:\/\/agnieszkaptakfizjoterapia.pl\/index.php?rest_route=%2Fwp%2Fv2%2Fmedia&parent=256"}],"curies":[{"name":"wp","href":"https:\/\/api.w.org\/{rel}","templated":true}]}}